{"id":1794,"date":"2020-08-04T11:05:47","date_gmt":"2020-08-04T11:05:47","guid":{"rendered":"http:\/\/linwp.it4u.se\/AKMC\/foretag\/?page_id=36"},"modified":"2024-11-26T09:45:01","modified_gmt":"2024-11-26T08:45:01","slug":"strategi","status":"publish","type":"page","link":"https:\/\/sijtijarnge.no\/sor\/kontakt-oss\/strategi\/","title":{"rendered":"Strategije"},"content":{"rendered":"<h4 class=\"wp-block-heading\">Strategiplan Sijti Jarnge 2021-2025<\/h4>\n\n\n\n<p>Visjon:<br><em>Sijti Jarnge skal v\u00e6re en sentral premissleverand\u00f8r for s\u00f8rsamisk spr\u00e5k og kultur p\u00e5 Helgeland og i \u00c5arjel Saepmie. Senteret er tuftet p\u00e5 respekt for samisk tradisjonskunnskap og skal forvalte og formidle denne kompetansen p\u00e5 en respektfull m\u00e5te. Dette skal bidra til \u00e5 sikre gode livsvilk\u00e5r for samisk spr\u00e5k, kultur og identitetsforvaltning p\u00e5 Helgeland i kommende generasjoner. Sijti Jarnge skal gjennom sitt virke bidra til \u00e5 synliggj\u00f8re, styrke og utvikle den samiske dimensjonen i regionale satsinger og samarbeide med andre relevante akt\u00f8rer.<\/em><\/p>\n\n\n\n<p><br>Bakgrunn:<br>Sijti Jarnge ble formelt innviet i 1987. Senteret har siden den gang deltatt i en rekke samiske prosjekter i regionen, ofte i samarbeid med institusjoner over riksgrensa. Tematikk p\u00e5 prosjektene har hatt stor faglig bredde, med fokus blant annet p\u00e5 samisk spr\u00e5k og kultur, samiske termer, ord og uttrykk, reindrift, arealbruk, historie og tradisjonskunnskap.<br>M\u00e5lsettinger:<\/p>\n\n\n\n<ol class=\"wp-block-list\">\n<li>Sijti Jarnge skal bidra til \u00e5 styrke og utvikle s\u00f8rsamisk spr\u00e5k.<br>Tiltak:<\/li>\n<\/ol>\n\n\n\n<ul class=\"wp-block-list\">\n<li>Synliggj\u00f8re s\u00f8rsamisk i Hattfjelldal og i regionen gjennom initiativ til \u00f8kt s\u00f8rsamisk skilting p\u00e5 Helgeland.<\/li>\n\n\n\n<li>Bidra til tilgang p\u00e5 l\u00e6remidler og undervisningsopplegg for s\u00f8rsamiske elever og studenter p\u00e5 deres eget spr\u00e5k gjennom Sijti Jarnges egen oppdaterte bokbase.<\/li>\n\n\n\n<li>Bidra med spr\u00e5kkompetanse i Hattfjelldal og ellers p\u00e5 Helgeland gjennom at Sijti Jarnge blir et samisk spr\u00e5ksenter fra 2018.<\/li>\n\n\n\n<li>Tilby s\u00f8rsamiske spr\u00e5kkurs til innbyggere i regionen i samarbeid med Nord universitet, andre h\u00f8gskoler\/universitet og andre tilbydere av samiske spr\u00e5kkurs.<\/li>\n<\/ul>\n\n\n\n<ol class=\"wp-block-list\">\n<li>Sijti Jarnge skal v\u00e6re en sentral premissleverand\u00f8r av s\u00f8rsamisk kultur- og tradisjonskunnskap.<br>Tiltak:<\/li>\n<\/ol>\n\n\n\n<ul class=\"wp-block-list\">\n<li>Gjennomf\u00f8re prosjekter innenfor s\u00f8rsamisk kultur- og tradisjonskunnskap som bidrar til kunnskapsinnhenting, kunnskapsforvaltning og kunnskapsformidling om disse temaene p\u00e5 Helgeland.<\/li>\n\n\n\n<li>Vurdere mulighetene for \u00e5 tilby kompetansehevingspakker for barnehager, skoler og bedrifter p\u00e5 Helgeland innenfor de samiske kompetansem\u00e5lene i Kunnskapsl\u00f8ftet og innenfor samisk kulturkunnskap.<\/li>\n\n\n\n<li>Formidle s\u00f8rsamisk kompetanse og forskningsbasert kunnskap under Hattfjelldalskonferansen.<\/li>\n\n\n\n<li>Ha en oppdatert og spennende hjemmeside \u00absijtijarnge.no\u00bb som oppsummerer og formidler ny kunnskap innenfor Sijti Jarnges fagomr\u00e5der. V\u00e6re aktive og aktuelle p\u00e5 sosiale medier som Facebook og Instagram.<\/li>\n<\/ul>\n\n\n\n<ol class=\"wp-block-list\">\n<li>Sijti Jarnge skal bli en sentral akt\u00f8r for formidling av duedtie.<br>Tiltak:<\/li>\n<\/ol>\n\n\n\n<ul class=\"wp-block-list\">\n<li>Styrke kompetansen i duedtie ved Sijti Jarnge.<\/li>\n\n\n\n<li>Utvikle et godt faglig samarbeid med eksterne duedtie-ut\u00f8vere som kan tilby kurs i duedtie , og gjennomf\u00f8re kurs for samer og andre som er interessert i duedtie.<\/li>\n<\/ul>\n\n\n\n<ol class=\"wp-block-list\">\n<li>Sijti Jarnge skal ha kompetente og engasjerte medarbeidere som er godt orienterte om s\u00f8rsamiske forhold, og som bidrar til \u00e5 bygge gode relasjoner til aktuelle samarbeidspartnere.<br>Tiltak:<\/li>\n<\/ol>\n\n\n\n<ul class=\"wp-block-list\">\n<li>Gi ansatte ved Sijti Jarnge mulighet til \u00e5 delta p\u00e5 relevante kompetansehevingstiltak.<\/li>\n\n\n\n<li>Styreleder skal gjennomf\u00f8rer medarbeidersamtale \u00e5rlig og resultatm\u00f8ter kvartalsvis med daglig leder for \u00e5 ha en gjensidig erfaringsutveksling og dialog mellom styret og de ansatte.<\/li>\n\n\n\n<li>Daglig leder skal gjennomf\u00f8re medarbeidersamtaler \u00e5rlig og jevnlige fellesm\u00f8ter med de ansatte for \u00e5 utveksle informasjon og sikre god drift ved senteret.<\/li>\n\n\n\n<li>Sijti Jarnge skal v\u00e6re en god arbeidsgiver som yter fleksibilitet og individuelle tilpassinger for Sijti Jarnges tilsatte.<\/li>\n\n\n\n<li>Ha fokus p\u00e5 universell utforming ved bygningsmessige oppgraderinger ved Sijti Jarnge.<\/li>\n<\/ul>\n\n\n\n<ol class=\"wp-block-list\">\n<li>Sijti Jarnge skal bygge relasjoner og kontakter med urfolk og minoriteter i verden.<br>Tiltak:<\/li>\n<\/ol>\n\n\n\n<ul class=\"wp-block-list\">\n<li>Delta p\u00e5 relevant internasjonalt urfolksarbeid innenfor Sijti Jarnges rammer.<\/li>\n\n\n\n<li>Ha et grunnleggende urfolksfokus i Sijti Jarnges strategiske valg og prosjektgjennomf\u00f8ring.<\/li>\n\n\n\n<li>Utvikle og styrke kompetansen og engasjementet for Europa-sp\u00f8rsm\u00e5l i et urfolksperspektiv.<\/li>\n\n\n\n<li>Styrke kontakten med europeiske minoritetsmilj\u00f8er for faglig samarbeid.<\/li>\n<\/ul>\n\n\n\n<ol class=\"wp-block-list\">\n<li>Sijti Jarnge skal satse p\u00e5 samisk entrepren\u00f8rskap og samisk reiseliv i regionen.<br>Tiltak:<\/li>\n<\/ol>\n\n\n\n<ul class=\"wp-block-list\">\n<li>Utvikle samarbeid med lokale og regionale akt\u00f8rer innenfor reiselivsn\u00e6ringa.<\/li>\n\n\n\n<li>Bli en bidragsyter til Nordland fylkeskommunes satsinger for \u00e5 sikre den samiske dimensjonen innenfor entrepren\u00f8rskap.<\/li>\n\n\n\n<li>Styrke samisk dimensjon i regionale reiselivssatsinger og r\u00e5dgiving rundt ferdsel i samisk utmark.<\/li>\n<\/ul>\n\n\n\n<ol class=\"wp-block-list\">\n<li>Arenautvikling og omd\u00f8mmebygging.<br>Tiltak:<\/li>\n<\/ol>\n\n\n\n<ul class=\"wp-block-list\">\n<li>Utvikle Sijti Jarnge til i st\u00f8rre grad \u00e5 bli et naturlig sentrum for samarbeid omkring samiske temaer.<\/li>\n\n\n\n<li>Utvikle samarbeidet med offentlige og private akt\u00f8rer for \u00e5 fremme samisk spr\u00e5k og kultur.<\/li>\n\n\n\n<li>Bidra til \u00f8kt grenseoverskridende samarbeid gjennom interreg.prosjetet \u00abAktene\u00bb.<\/li>\n\n\n\n<li>Gjennom \u00f8kt fokus p\u00e5 praktiske aktiviteter s\u00f8rge for at Sijti Jarnge blir en mye benyttet arena for kunnskapsutvikling innen samisk kultur.<\/li>\n\n\n\n<li>Gjennomf\u00f8re minimum en aktivitet eller konferanse pr \u00e5r som har nasjonal interesse eller gir nasjonal oppmerksomhet.<\/li>\n<\/ul>\n\n\n\n<p><\/p>\n\n\n\n<p><\/p>","protected":false},"excerpt":{"rendered":"<p>Strategiplan Sijti Jarnge 2021-2025 Visjon:Sijti Jarnge skal v\u00e6re en sentral premissleverand\u00f8r for s\u00f8rsamisk spr\u00e5k og kultur p\u00e5 Helgeland og i \u00c5arjel Saepmie. Senteret er tuftet p\u00e5 respekt for samisk tradisjonskunnskap og skal forvalte og formidle denne kompetansen p\u00e5 en respektfull m\u00e5te. Dette skal bidra til \u00e5 sikre gode livsvilk\u00e5r for samisk spr\u00e5k, kultur og identitetsforvaltning [&hellip;]<\/p>\n","protected":false},"author":1,"featured_media":0,"parent":1783,"menu_order":3,"comment_status":"closed","ping_status":"closed","template":"","meta":{"_genesis_hide_title":false,"_genesis_hide_breadcrumbs":false,"_genesis_hide_singular_image":false,"_genesis_hide_footer_widgets":false,"_genesis_custom_body_class":"","_genesis_custom_post_class":"","_genesis_layout":"","footnotes":""},"class_list":{"0":"post-1794","1":"page","2":"type-page","3":"status-publish","5":"entry"},"yoast_head":"<!-- This site is optimized with the Yoast SEO plugin v27.4 - https:\/\/yoast.com\/product\/yoast-seo-wordpress\/ -->\n<title>Strategi - Sijtijarnge<\/title>\n<meta name=\"robots\" content=\"index, follow, max-snippet:-1, max-image-preview:large, max-video-preview:-1\" \/>\n<link rel=\"canonical\" href=\"https:\/\/sijtijarnge.no\/sor\/kontakt-oss\/strategi\/\" \/>\n<meta property=\"og:locale\" content=\"so_SO\" \/>\n<meta property=\"og:type\" content=\"article\" \/>\n<meta property=\"og:title\" content=\"Strategi - Sijtijarnge\" \/>\n<meta property=\"og:description\" content=\"Strategiplan Sijti Jarnge 2021-2025 Visjon:Sijti Jarnge skal v\u00e6re en sentral premissleverand\u00f8r for s\u00f8rsamisk spr\u00e5k og kultur p\u00e5 Helgeland og i \u00c5arjel Saepmie. Senteret er tuftet p\u00e5 respekt for samisk tradisjonskunnskap og skal forvalte og formidle denne kompetansen p\u00e5 en respektfull m\u00e5te. Dette skal bidra til \u00e5 sikre gode livsvilk\u00e5r for samisk spr\u00e5k, kultur og identitetsforvaltning [&hellip;]\" \/>\n<meta property=\"og:url\" content=\"https:\/\/sijtijarnge.no\/sor\/kontakt-oss\/strategi\/\" \/>\n<meta property=\"og:site_name\" content=\"Sijtijarnge\" \/>\n<meta property=\"article:modified_time\" content=\"2024-11-26T08:45:01+00:00\" \/>\n<meta name=\"twitter:card\" content=\"summary_large_image\" \/>\n<meta name=\"twitter:label1\" content=\"Est. reading time\" \/>\n\t<meta name=\"twitter:data1\" content=\"4 minutes\" \/>\n<script type=\"application\/ld+json\" class=\"yoast-schema-graph\">{\"@context\":\"https:\\\/\\\/schema.org\",\"@graph\":[{\"@type\":\"WebPage\",\"@id\":\"https:\\\/\\\/sijtijarnge.no\\\/kontakt-oss\\\/strategi\\\/\",\"url\":\"https:\\\/\\\/sijtijarnge.no\\\/kontakt-oss\\\/strategi\\\/\",\"name\":\"Strategi - Sijtijarnge\",\"isPartOf\":{\"@id\":\"https:\\\/\\\/sijtijarnge.no\\\/nb\\\/#website\"},\"datePublished\":\"2020-08-04T11:05:47+00:00\",\"dateModified\":\"2024-11-26T08:45:01+00:00\",\"breadcrumb\":{\"@id\":\"https:\\\/\\\/sijtijarnge.no\\\/kontakt-oss\\\/strategi\\\/#breadcrumb\"},\"inLanguage\":\"so-nn\",\"potentialAction\":[{\"@type\":\"ReadAction\",\"target\":[\"https:\\\/\\\/sijtijarnge.no\\\/kontakt-oss\\\/strategi\\\/\"]}]},{\"@type\":\"BreadcrumbList\",\"@id\":\"https:\\\/\\\/sijtijarnge.no\\\/kontakt-oss\\\/strategi\\\/#breadcrumb\",\"itemListElement\":[{\"@type\":\"ListItem\",\"position\":1,\"name\":\"Hjem\",\"item\":\"https:\\\/\\\/sijtijarnge.no\\\/nb\\\/\"},{\"@type\":\"ListItem\",\"position\":2,\"name\":\"Kontakt oss\",\"item\":\"https:\\\/\\\/sijtijarnge.no\\\/kontakt-oss\\\/\"},{\"@type\":\"ListItem\",\"position\":3,\"name\":\"Strategi\"}]},{\"@type\":\"WebSite\",\"@id\":\"https:\\\/\\\/sijtijarnge.no\\\/nb\\\/#website\",\"url\":\"https:\\\/\\\/sijtijarnge.no\\\/nb\\\/\",\"name\":\"Sijtijarnge\",\"description\":\"Samisk spr\u00e5k- og kultursenter i Hattfjelldal\",\"publisher\":{\"@id\":\"https:\\\/\\\/sijtijarnge.no\\\/nb\\\/#organization\"},\"potentialAction\":[{\"@type\":\"SearchAction\",\"target\":{\"@type\":\"EntryPoint\",\"urlTemplate\":\"https:\\\/\\\/sijtijarnge.no\\\/nb\\\/?s={search_term_string}\"},\"query-input\":{\"@type\":\"PropertyValueSpecification\",\"valueRequired\":true,\"valueName\":\"search_term_string\"}}],\"inLanguage\":\"so-nn\"},{\"@type\":\"Organization\",\"@id\":\"https:\\\/\\\/sijtijarnge.no\\\/nb\\\/#organization\",\"name\":\"Sijtijarnge\",\"url\":\"https:\\\/\\\/sijtijarnge.no\\\/nb\\\/\",\"logo\":{\"@type\":\"ImageObject\",\"inLanguage\":\"so-nn\",\"@id\":\"https:\\\/\\\/sijtijarnge.no\\\/nb\\\/#\\\/schema\\\/logo\\\/image\\\/\",\"url\":\"https:\\\/\\\/sijtijarnge.no\\\/wp-content\\\/uploads\\\/2020\\\/08\\\/logo_farg_500px.png\",\"contentUrl\":\"https:\\\/\\\/sijtijarnge.no\\\/wp-content\\\/uploads\\\/2020\\\/08\\\/logo_farg_500px.png\",\"width\":500,\"height\":240,\"caption\":\"Sijtijarnge\"},\"image\":{\"@id\":\"https:\\\/\\\/sijtijarnge.no\\\/nb\\\/#\\\/schema\\\/logo\\\/image\\\/\"}}]}<\/script>\n<!-- \/ Yoast SEO plugin. -->","yoast_head_json":{"title":"Strategi - Sijtijarnge","robots":{"index":"index","follow":"follow","max-snippet":"max-snippet:-1","max-image-preview":"max-image-preview:large","max-video-preview":"max-video-preview:-1"},"canonical":"https:\/\/sijtijarnge.no\/sor\/kontakt-oss\/strategi\/","og_locale":"so_SO","og_type":"article","og_title":"Strategi - Sijtijarnge","og_description":"Strategiplan Sijti Jarnge 2021-2025 Visjon:Sijti Jarnge skal v\u00e6re en sentral premissleverand\u00f8r for s\u00f8rsamisk spr\u00e5k og kultur p\u00e5 Helgeland og i \u00c5arjel Saepmie. Senteret er tuftet p\u00e5 respekt for samisk tradisjonskunnskap og skal forvalte og formidle denne kompetansen p\u00e5 en respektfull m\u00e5te. Dette skal bidra til \u00e5 sikre gode livsvilk\u00e5r for samisk spr\u00e5k, kultur og identitetsforvaltning [&hellip;]","og_url":"https:\/\/sijtijarnge.no\/sor\/kontakt-oss\/strategi\/","og_site_name":"Sijtijarnge","article_modified_time":"2024-11-26T08:45:01+00:00","twitter_card":"summary_large_image","twitter_misc":{"Est. reading time":"4 minutes"},"schema":{"@context":"https:\/\/schema.org","@graph":[{"@type":"WebPage","@id":"https:\/\/sijtijarnge.no\/kontakt-oss\/strategi\/","url":"https:\/\/sijtijarnge.no\/kontakt-oss\/strategi\/","name":"Strategi - Sijtijarnge","isPartOf":{"@id":"https:\/\/sijtijarnge.no\/nb\/#website"},"datePublished":"2020-08-04T11:05:47+00:00","dateModified":"2024-11-26T08:45:01+00:00","breadcrumb":{"@id":"https:\/\/sijtijarnge.no\/kontakt-oss\/strategi\/#breadcrumb"},"inLanguage":"so-nn","potentialAction":[{"@type":"ReadAction","target":["https:\/\/sijtijarnge.no\/kontakt-oss\/strategi\/"]}]},{"@type":"BreadcrumbList","@id":"https:\/\/sijtijarnge.no\/kontakt-oss\/strategi\/#breadcrumb","itemListElement":[{"@type":"ListItem","position":1,"name":"Hjem","item":"https:\/\/sijtijarnge.no\/nb\/"},{"@type":"ListItem","position":2,"name":"Kontakt oss","item":"https:\/\/sijtijarnge.no\/kontakt-oss\/"},{"@type":"ListItem","position":3,"name":"Strategi"}]},{"@type":"WebSite","@id":"https:\/\/sijtijarnge.no\/nb\/#website","url":"https:\/\/sijtijarnge.no\/nb\/","name":"Sijtijarnge","description":"G\u00efele- j\u00efh kultuvrejarnge, Aarborte","publisher":{"@id":"https:\/\/sijtijarnge.no\/nb\/#organization"},"potentialAction":[{"@type":"SearchAction","target":{"@type":"EntryPoint","urlTemplate":"https:\/\/sijtijarnge.no\/nb\/?s={search_term_string}"},"query-input":{"@type":"PropertyValueSpecification","valueRequired":true,"valueName":"search_term_string"}}],"inLanguage":"so-nn"},{"@type":"Organization","@id":"https:\/\/sijtijarnge.no\/nb\/#organization","name":"Sijtijarnge","url":"https:\/\/sijtijarnge.no\/nb\/","logo":{"@type":"ImageObject","inLanguage":"so-nn","@id":"https:\/\/sijtijarnge.no\/nb\/#\/schema\/logo\/image\/","url":"https:\/\/sijtijarnge.no\/wp-content\/uploads\/2020\/08\/logo_farg_500px.png","contentUrl":"https:\/\/sijtijarnge.no\/wp-content\/uploads\/2020\/08\/logo_farg_500px.png","width":500,"height":240,"caption":"Sijtijarnge"},"image":{"@id":"https:\/\/sijtijarnge.no\/nb\/#\/schema\/logo\/image\/"}}]}},"featured_image_src":null,"featured_image_src_square":null,"_links":{"self":[{"href":"https:\/\/sijtijarnge.no\/sor\/wp-json\/wp\/v2\/pages\/1794","targetHints":{"allow":["GET"]}}],"collection":[{"href":"https:\/\/sijtijarnge.no\/sor\/wp-json\/wp\/v2\/pages"}],"about":[{"href":"https:\/\/sijtijarnge.no\/sor\/wp-json\/wp\/v2\/types\/page"}],"author":[{"embeddable":true,"href":"https:\/\/sijtijarnge.no\/sor\/wp-json\/wp\/v2\/users\/1"}],"replies":[{"embeddable":true,"href":"https:\/\/sijtijarnge.no\/sor\/wp-json\/wp\/v2\/comments?post=1794"}],"version-history":[{"count":7,"href":"https:\/\/sijtijarnge.no\/sor\/wp-json\/wp\/v2\/pages\/1794\/revisions"}],"predecessor-version":[{"id":3881,"href":"https:\/\/sijtijarnge.no\/sor\/wp-json\/wp\/v2\/pages\/1794\/revisions\/3881"}],"up":[{"embeddable":true,"href":"https:\/\/sijtijarnge.no\/sor\/wp-json\/wp\/v2\/pages\/1783"}],"wp:attachment":[{"href":"https:\/\/sijtijarnge.no\/sor\/wp-json\/wp\/v2\/media?parent=1794"}],"curies":[{"name":"wp","href":"https:\/\/api.w.org\/{rel}","templated":true}]}}